{"id":115,"date":"2026-02-11T10:05:14","date_gmt":"2026-02-11T10:05:14","guid":{"rendered":"https:\/\/leaoja.fi\/public_html\/cgi-bin\/?page_id=115"},"modified":"2026-03-03T08:47:16","modified_gmt":"2026-03-03T08:47:16","slug":"hinnasto","status":"publish","type":"page","link":"https:\/\/leaoja.fi\/?page_id=115","title":{"rendered":"Hinnasto"},"content":{"rendered":"\n<figure class=\"wp-block-table\"><table class=\"has-fixed-layout\"><tbody><tr><td>Palvelu<\/td><td><\/td><\/tr><tr><td>Ohjausk\u00e4ynti<\/td><td>120\u20ac\/45 min, 160\u20ac\/60 min, verkostok\u00e4ynti esim. oppilaitoksessa 200\u20ac\/60 min<\/td><\/tr><tr><td>Neuropsykoginen kuntoutus<\/td><td>150\u20ac\/45 min, 200 \u20ac\/60 min<\/td><\/tr><tr><td>Psykoterapia<\/td><td>110\u20ac\/45 min, 147\u20ac\/60 min<br>*Kela kuntoutuspsykoterapian omavastuuosuus 52,40\u20ac<\/td><\/tr><tr><td>Ty\u00f6nohjaus<\/td><td>130\u20ac\/45 min yksil\u00f6, ryhm\u00e4 3 &#8211; 5 henke\u00e4 380 \u20ac\/90 min<\/td><\/tr><\/tbody><\/table><\/figure>\n\n\n\n<p><\/p>\n","protected":false},"excerpt":{"rendered":"<p>Palvelu Ohjausk\u00e4ynti 120\u20ac\/45 min, 160\u20ac\/60 min, verkostok\u00e4ynti esim. oppilaitoksessa 200\u20ac\/60 min Neuropsykoginen kuntoutus 150\u20ac\/45 min, 200 \u20ac\/60 min Psykoterapia 110\u20ac\/45 min, 147\u20ac\/60 min*Kela kuntoutuspsykoterapian omavastuuosuus 52,40\u20ac Ty\u00f6nohjaus 130\u20ac\/45 min yksil\u00f6, ryhm\u00e4 3 &#8211; 5 henke\u00e4 380 \u20ac\/90 min<\/p>\n","protected":false},"author":1,"featured_media":0,"parent":0,"menu_order":5,"comment_status":"closed","ping_status":"closed","template":"","meta":{"_kadence_starter_templates_imported_post":false,"_kad_post_transparent":"","_kad_post_title":"","_kad_post_layout":"","_kad_post_sidebar_id":"","_kad_post_content_style":"","_kad_post_vertical_padding":"","_kad_post_feature":"","_kad_post_feature_position":"","_kad_post_header":false,"_kad_post_footer":false,"_kad_post_classname":"","footnotes":""},"class_list":["post-115","page","type-page","status-publish","hentry"],"_links":{"self":[{"href":"https:\/\/leaoja.fi\/index.php?rest_route=\/wp\/v2\/pages\/115","targetHints":{"allow":["GET"]}}],"collection":[{"href":"https:\/\/leaoja.fi\/index.php?rest_route=\/wp\/v2\/pages"}],"about":[{"href":"https:\/\/leaoja.fi\/index.php?rest_route=\/wp\/v2\/types\/page"}],"author":[{"embeddable":true,"href":"https:\/\/leaoja.fi\/index.php?rest_route=\/wp\/v2\/users\/1"}],"replies":[{"embeddable":true,"href":"https:\/\/leaoja.fi\/index.php?rest_route=%2Fwp%2Fv2%2Fcomments&post=115"}],"version-history":[{"count":2,"href":"https:\/\/leaoja.fi\/index.php?rest_route=\/wp\/v2\/pages\/115\/revisions"}],"predecessor-version":[{"id":178,"href":"https:\/\/leaoja.fi\/index.php?rest_route=\/wp\/v2\/pages\/115\/revisions\/178"}],"wp:attachment":[{"href":"https:\/\/leaoja.fi\/index.php?rest_route=%2Fwp%2Fv2%2Fmedia&parent=115"}],"curies":[{"name":"wp","href":"https:\/\/api.w.org\/{rel}","templated":true}]}}