{"id":160,"date":"2026-02-18T10:42:39","date_gmt":"2026-02-18T10:42:39","guid":{"rendered":"https:\/\/leaoja.fi\/public_html\/cgi-bin\/?page_id=160"},"modified":"2026-03-10T08:47:51","modified_gmt":"2026-03-10T08:47:51","slug":"yhteystiedot","status":"publish","type":"page","link":"https:\/\/leaoja.fi\/?page_id=160","title":{"rendered":"Yhteystiedot"},"content":{"rendered":"\n<p>TMI Lea Oja<\/p>\n\n\n\n<p>Y-tunnus: 2268270-0<\/p>\n\n\n\n<p>Sep\u00e4nkatu 20<\/p>\n\n\n\n<p>90100 Oulu<\/p>\n\n\n\n<p>Puhelin: 0449712517<\/p>\n\n\n\n<p>S\u00e4hk\u00f6posti: lea@oja.fi<\/p>\n\n\n\n<iframe src=\"https:\/\/www.google.com\/maps\/embed?pb=!1m18!1m12!1m3!1d1685.648188195462!2d25.46615237728692!3d65.00826917784386!2m3!1f0!2f0!3f0!3m2!1i1024!2i768!4f13.1!3m3!1m2!1s0x468032b02c5e0241%3A0x75456c703f07fec7!2sSep%C3%A4nkatu%2020%2C%2090100%20Oulu!5e0!3m2!1sfi!2sfi!4v1770801861302!5m2!1sfi!2sfi\" width=\"600\" height=\"450\" style=\"border:0;\" allowfullscreen=\"\" loading=\"lazy\" referrerpolicy=\"no-referrer-when-downgrade\"><\/iframe>\n","protected":false},"excerpt":{"rendered":"<p>TMI Lea Oja Y-tunnus: 2268270-0 Sep\u00e4nkatu 20 90100 Oulu Puhelin: 0449712517 S\u00e4hk\u00f6posti: lea@oja.fi<\/p>\n","protected":false},"author":1,"featured_media":0,"parent":0,"menu_order":6,"comment_status":"closed","ping_status":"closed","template":"","meta":{"_kadence_starter_templates_imported_post":false,"_kad_post_transparent":"","_kad_post_title":"","_kad_post_layout":"","_kad_post_sidebar_id":"","_kad_post_content_style":"","_kad_post_vertical_padding":"","_kad_post_feature":"","_kad_post_feature_position":"","_kad_post_header":false,"_kad_post_footer":false,"_kad_post_classname":"","footnotes":""},"class_list":["post-160","page","type-page","status-publish","hentry"],"_links":{"self":[{"href":"https:\/\/leaoja.fi\/index.php?rest_route=\/wp\/v2\/pages\/160","targetHints":{"allow":["GET"]}}],"collection":[{"href":"https:\/\/leaoja.fi\/index.php?rest_route=\/wp\/v2\/pages"}],"about":[{"href":"https:\/\/leaoja.fi\/index.php?rest_route=\/wp\/v2\/types\/page"}],"author":[{"embeddable":true,"href":"https:\/\/leaoja.fi\/index.php?rest_route=\/wp\/v2\/users\/1"}],"replies":[{"embeddable":true,"href":"https:\/\/leaoja.fi\/index.php?rest_route=%2Fwp%2Fv2%2Fcomments&post=160"}],"version-history":[{"count":2,"href":"https:\/\/leaoja.fi\/index.php?rest_route=\/wp\/v2\/pages\/160\/revisions"}],"predecessor-version":[{"id":221,"href":"https:\/\/leaoja.fi\/index.php?rest_route=\/wp\/v2\/pages\/160\/revisions\/221"}],"wp:attachment":[{"href":"https:\/\/leaoja.fi\/index.php?rest_route=%2Fwp%2Fv2%2Fmedia&parent=160"}],"curies":[{"name":"wp","href":"https:\/\/api.w.org\/{rel}","templated":true}]}}