{"id":196,"date":"2026-03-03T12:54:03","date_gmt":"2026-03-03T12:54:03","guid":{"rendered":"https:\/\/leaoja.fi\/public_html\/cgi-bin\/?page_id=196"},"modified":"2026-03-03T12:54:03","modified_gmt":"2026-03-03T12:54:03","slug":"tjanster","status":"publish","type":"page","link":"https:\/\/leaoja.fi\/?page_id=196&lang=sv","title":{"rendered":"Tj\u00e4nster"},"content":{"rendered":"\n<p>Neuropsykologiska handledningsbes\u00f6k<br>Neuropsykologiska handledningsbes\u00f6k \u00e4r fokuserade kortvariga handledningsperioder med m\u00e5let att st\u00f6dja individens sj\u00e4lvf\u00f6rst\u00e5else och handlingsf\u00f6rm\u00e5ga genom psykoedukation och tr\u00e4ning av funktionsst\u00f6djande handlingsmodeller. En central del, s\u00e4rskilt f\u00f6r barn och ungdomar, \u00e4r arbetet med n\u00e4tverk samt planering av st\u00f6dinsatser tillsammans med n\u00e4tverken f\u00f6r att st\u00f6dja vardagsmilj\u00f6n.<\/p>\n\n\n\n<p>Neuropsykologisk rehabilitering<br>Neuropsykologisk rehabilitering baseras p\u00e5 en omfattande neuropsykologisk unders\u00f6kning och f\u00f6rst\u00e5else f\u00f6r individens styrkor och sv\u00e5righeter. I b\u00f6rjan av rehabiliteringen s\u00e4tter rehabiliteraren tillsammans med den rehabiliterande och f\u00f6r barn och ungdomar \u00e4ven f\u00f6r\u00e4ldrarna, de centrala m\u00e5len f\u00f6r rehabiliteringen. N\u00e4tverksarbete \u00e4r en del av rehabiliteringen, s\u00e4rskilt f\u00f6r barn och ungdomar. \u00c4ven f\u00f6r vuxna kan m\u00f6ten med n\u00e4tverket eller n\u00e4rst\u00e5ende bli aktuellt. Rehabiliteringen \u00e4r regelbunden och varaktigheten best\u00e4ms utifr\u00e5n individens situation och behov. Rehabilitering kan ske med v\u00e4lf\u00e4rdsomr\u00e5dets betalnings\u00e5tagande, som Kela:s pr\u00f6vningsbaserade rehabilitering (fr\u00e5n 16 \u00e5rs \u00e5lder), med f\u00f6rs\u00e4kringsbolagets betalnings\u00e5tagande eller som egenbetalande.<\/p>\n\n\n\n<p>Psykoterapi<br>Utg\u00e5ngspunkten i psykoterapi \u00e4r en trygg samarbetsrelation mellan klienten och psykoterapeuten, d\u00e4r klientens upplevelsev\u00e4rld kan granskas tillsammans. Psykoterapi \u00e4r en resa som sker i klientens takt, d\u00e4r vi tillsammans navigerar mot m\u00e5l som motsvarar individens v\u00e4rderingar. Som psykoterapeut \u00e4r jag varm, till\u00e5tande och aktiv. I b\u00f6rjan av terapin str\u00e4var vi efter att skapa en tydlig bild av klientens situation, ofta visuellt strukturerad. Min arbetsmetod \u00e4r integrativ, kroppsorienterad och jag kombinerar min kompetens med klientfokus. Kognitiva terapier \u00e4r psykologiska behandlingsformer utvecklade f\u00f6r behandling av emotionella och funktionella st\u00f6rningar, vars s\u00e4kerhet och effektivitet \u00e4r v\u00e4l dokumenterad vetenskapligt. Den kognitiv-integrativa inriktningen k\u00e4nnetecknas av att den kombinerar olika behandlande element, s\u00e5som k\u00e4nsloorienterade och erfarenhetsbaserade arbetss\u00e4tt, hantering av kognitiva och metakognitiva processer samt beteendeterapeutiska interventioner och utnyttjande av samarbetsrelationen som ett verktyg f\u00f6r f\u00f6r\u00e4ndring. Du kan s\u00f6ka psykoterapi med v\u00e4lf\u00e4rdsomr\u00e5dets betalnings\u00e5tagande,Till rehabiliteringspsykoterapi hos Kela (fr\u00e5n 16 \u00e5r och upp\u00e5t) eller som egenbetalande.<\/p>\n\n\n\n<p>Arbetshandledning<br>Jag \u00e4r handledare i klinisk neuropsykologi och har erfarenhet av b\u00e5de individuell och grupphandledning. Handledningen inom klinisk neuropsykologi riktar sig s\u00e4rskilt mot neuropsykologiskt utrednings- och rehabiliteringsarbete. Min erfarenhet fr\u00e5n psykiatrin som en del av ett multiprofessionellt arbetslag och nepsy-arbetsgrupp har gett mig kompetens s\u00e4rskilt inom neuropsykiatriska och psykiatriska symtombilders neuropsykologiska och psykologiska differentialdiagnostik. Omfattande unders\u00f6kningar av neuropsykologiska funktioner, neuropsykiatriska drag samt k\u00e4nsloliv och personlighet \u00e4r bekanta f\u00f6r mig. Till handledningen kan psykologer och neuropsykologer komma, som arbetar med klienter i olika \u00e5ldrar.<\/p>\n","protected":false},"excerpt":{"rendered":"<p>Neuropsykologiska handledningsbes\u00f6kNeuropsykologiska handledningsbes\u00f6k \u00e4r fokuserade kortvariga handledningsperioder med m\u00e5let att st\u00f6dja individens sj\u00e4lvf\u00f6rst\u00e5else och handlingsf\u00f6rm\u00e5ga genom psykoedukation och tr\u00e4ning av funktionsst\u00f6djande handlingsmodeller. En central del, s\u00e4rskilt f\u00f6r barn och ungdomar, \u00e4r arbetet med n\u00e4tverk samt planering av st\u00f6dinsatser tillsammans med n\u00e4tverken f\u00f6r att st\u00f6dja vardagsmilj\u00f6n. Neuropsykologisk rehabiliteringNeuropsykologisk rehabilitering baseras p\u00e5 en omfattande neuropsykologisk unders\u00f6kning och&#8230;<\/p>\n","protected":false},"author":1,"featured_media":0,"parent":0,"menu_order":5,"comment_status":"closed","ping_status":"closed","template":"","meta":{"_kadence_starter_templates_imported_post":false,"_kad_post_transparent":"","_kad_post_title":"","_kad_post_layout":"","_kad_post_sidebar_id":"","_kad_post_content_style":"","_kad_post_vertical_padding":"","_kad_post_feature":"","_kad_post_feature_position":"","_kad_post_header":false,"_kad_post_footer":false,"_kad_post_classname":"","footnotes":""},"class_list":["post-196","page","type-page","status-publish","hentry"],"_links":{"self":[{"href":"https:\/\/leaoja.fi\/index.php?rest_route=\/wp\/v2\/pages\/196","targetHints":{"allow":["GET"]}}],"collection":[{"href":"https:\/\/leaoja.fi\/index.php?rest_route=\/wp\/v2\/pages"}],"about":[{"href":"https:\/\/leaoja.fi\/index.php?rest_route=\/wp\/v2\/types\/page"}],"author":[{"embeddable":true,"href":"https:\/\/leaoja.fi\/index.php?rest_route=\/wp\/v2\/users\/1"}],"replies":[{"embeddable":true,"href":"https:\/\/leaoja.fi\/index.php?rest_route=%2Fwp%2Fv2%2Fcomments&post=196"}],"version-history":[{"count":1,"href":"https:\/\/leaoja.fi\/index.php?rest_route=\/wp\/v2\/pages\/196\/revisions"}],"predecessor-version":[{"id":198,"href":"https:\/\/leaoja.fi\/index.php?rest_route=\/wp\/v2\/pages\/196\/revisions\/198"}],"wp:attachment":[{"href":"https:\/\/leaoja.fi\/index.php?rest_route=%2Fwp%2Fv2%2Fmedia&parent=196"}],"curies":[{"name":"wp","href":"https:\/\/api.w.org\/{rel}","templated":true}]}}